he ten thousands digit of 311835?
1
What is the units digit of 4628119?
9
What is the millions digit of 5346280?
5
What is the tens digit of 260264?
6
What is the thousands digit of 752812?
2
What is the ten thousands digit of 9293496?
9
What is the ten thousands digit of 281810?
8
What is the hundreds digit of 304424?
4
What is the hundred thousands digit of 246903?
2
What is the hundred thousands digit of 672474?
6
What is the ten thousands digit of 93352?
9
What is the hundreds digit of 107273?
2
What is the millions digit of 1109219?
1
What is the tens digit of 4877329?
2
What is the units digit of 2478511?
1
What is the thousands digit of 3322789?
2
What is the tens digit of 7200066?
6
What is the hundred thousands digit of 6160009?
1
What is the tens digit of 71362?
6
What is the thousands digit of 1804641?
4
What is the hundred thousands digit of 6999100?
9
What is the hundred thousands digit of 19440536?
4
What is the hundreds digit of 13330599?
5
What is the ten millions digit of 13194037?
1
What is the hundred thousands digit of 592827?
5
What is the thousands digit of 8687453?
7
What is the thousands digit of 4692667?
2
What is the hundred thousands digit of 654862?
6
What is the tens digit of 25175?
7
What is the millions digit of 2010958?
2
What is the units digit of 619577?
7
What is the ten thousands digit of 466807?
6
What is the hundred thousands digit of 790406?
7
What is the units digit of 24361759?
9
What is the tens digit of 4857197?
9
What is the hundred thousands digit of 1005546?
0
What is the units digit of 5883959?
9
What is the millions digit of 7024730?
7
What is the thousands digit of 839278?
9
What is the ten thousands digit of 548928?
4
What is the hundred thousands digit of 5156861?
1
What is the units digit of 181201?
1
What is the thousands digit of 207306?
7
What is the hundred thousands digit of 1348737?
3
What is the hundred thousands digit of 16983661?
9
What is the tens digit of 4722001?
0
What is the hundred thousands digit of 21731514?
7
What is the ten thousands digit of 824711?
2
What is the units digit of 2357440?
0
What is the units digit of 21544020?
0
What is the millions digit of 3664482?
3
What is the units digit of 174948?
8
What is the ten thousands digit of 95146?
9
What is the ten thousands digit of 1557358?
5
What is the tens digit of 11095106?
0
What is the hundred thousands digit of 1293980?
2
What is the units digit of 4860949?
9
What is the tens digit of 5370500?
0
What is the tens digit of 1396041?
4
What is the thousands digit of 346646?
6
What is the hundred thousands digit of 124766?
1
What is the units digit of 20884034?
4
What is the hundred thousands digit of 774610?
7
What is the millions digit of 9678107?
9
What is the hundred thousands digit of 664470?
6
What is the hundreds digit of 543400?
4
What is the units digit of 1024572?
2
What is the hundred thousands digit of 817059?
8
What is the hundred thousands digit of 144780?
1
What is the tens digit of 74119?
1
What is the ten thousands digit of 13822494?
2
What is the units digit of 84684?
4
What is the tens digit of 11724479?
7
What is the units digit of 946211?
1
What is the hundreds digit of 14352600?
6
What is the hundreds digit of 216272?
2
What is the units digit of 2853837?
7
What is the hundred thousands digit of 7602994?
6
What is the hundred thousands digit of 115633?
1
What is the tens digit of 403634?
3
What is the hundreds digit of 771984?
9
What is the hundred thousands digit of 2227545?
2
What is the hundreds digit of 1199346?
3
What is the units digit of 416893?
3
What is the tens digit of 147614?
1
What is the hundreds digit of 10846627?
6
What is the ten thousands digit of 250897?
5
What is the hundreds digit of 4699174?
1
What is the ten thousands digit of 16709499?
0
What is the tens digit of 155839?
3
What is the thousands digit of 51840?
1
What is the units digit of 482896?
6
What is the tens digit of 9478001?
0
What is the hundred thousands digit of 6265770?
2
What is the units digit of 11246632?
2
What is the hundreds digit of 3558310?
3
What is the ten millions digit of 18658547?
1
What is the units digit of 7183177?
7
What is the thousands digit of 2022145?
2
What is the tens digit of 481277?
7
What is the hundreds digit of 941952?
9
What is the hundreds digit of 658581?
5
What is the hundred thousands digit of 3818758?
8
What is the units digit of 38889314?
4
What is the ten millions digit of 14292394?
1
What is the hundred thousands digit of 268540?
2
What is the ten millions digit of 12690965?
1
What is the tens digit of 255134?
3
What is the ten thousands digit of 63225?
6
What is the thousands digit of 967011?
7
What is the thousands digit of 16501181?
1
What is the units digit of 615534?
4
What is the units digit of 5374279?
9
What is the hundreds digit of 155887?
8
What is the millions digit of 6634028?
6
What is the tens digit of 1760269?
6
What is the hundred thousands digit of 208669?
2
What is the hundred thousands digit of 1258624?
2
What is the thousands digit of 11420258?
0
What is the units digit of 744253?
3
What is the hundred thousands digit of 142030?
1
What is the ten thousands digit of 66156?
6
What is the hundred thousands digit of 1093646?
0
What is the thousands digit of 17499653?
9
What is the ten thousands digit of 1935263?
3
What is the hundred thousands digit of 2509379?
5
What is the hundred thousands digit of 600393?
6
What is the millions digit of 2738726?
2
What is the tens digit of 2002939?
3
What is the millions digit of 2034918?
2
What is the thousands digit of 679770?
9
What is the thousands digit of 13386463?
6
What is the hundred thousands digit of 1992199?
9
What is the units digit of 55941?
1
What is the thousands digit of 207352?
7
What is the tens digit of 10822047?
4
What is the thousands digit of 2845806?
5
What is the tens digit of 143093?
9
What is the ten thousands digit of 12720659?
2
What is the millions digit of 3988308?
3
What is the tens digit of 655922?
2
What is the tens digit of 630504?
0
What is the tens digit of 115198?
9
What is the units digit of 933889?
9
What is the ten thousands digit of 442323?
4
What is the thousands digit of 96387?
6
What is the tens digit of 14799213?
1
What is the thousands digit of 110453?
0
What is the thousands digit of 4566165?
6
What is the hundred thousands digit of 4328610?
3
What is the hundred thousands digit of 227087?
2
What is the tens digit of 358166?
6
What is the units digit of 321349?
9
What is the thousands digit of 44417?
4
What is the ten thousands digit of 86126?
8
What is the hundred thousands digit of 789495?
7
What is the thousands digit of 17192158?
2
What is the tens digit of 576680?
8
What is the hundreds digit of 4987702?
7
What is the hundreds digit of 90433?
4
What is the units digit of 252112?
2
What is the millions digit of 4186225?
4
What is the ten thousands digit of 2817896?
1
What is the hundreds digit of 150788?
7
What is the thousands digit of 2030381?
0
What is the ten thousands digit of 265889?
6
What is the tens digit of 3354864?
6
What is the ten thousands digit of 10583710?
8
What is the thousands digit of 378557?
8
What is the ten thousands digit of 240930?
4
What is the hundred thousands digit of 289725?
2
What is the hundreds digit of 201185?
1
What is the tens digit of 167917?
1
What is the ten thousands digit of 168600?
6
What is the thousands digit of 3320565?
0
What is the thousands digit of 1183845?
3
What is the units digit of 1216303?
3
What is the units digit of 19063982?
2
What is the millions digit of 2568803?
2
What is the millions digit of 4989308?
4
What is the tens digit of 125388?
8
What is the hundred thousands digit of 31742847?
7
What is the units digit of 229696?
6
What is the millions digit of 1300373?
1
What is the hundreds digit of 1129887?
8
What is the hundred thousands digit of 701207?
7
What is the ten thousands digit of 2727337?
2
What is the hundreds digit of 1468407?
4
What is the tens digit of 497511?
1
What is the tens digit of 4460493?
9
What is the tens digit of 10258170?
7
What is the hundred thousands digit of 13955107?
9
What is the units digit of 2055204?
4
What is the units digit of 294210?
0
What is the hundreds digit of 81587?
5
